{"id":902,"date":"2023-10-16T16:31:24","date_gmt":"2023-10-16T16:31:24","guid":{"rendered":"https:\/\/mavisionglobal.org\/?page_id=902"},"modified":"2023-10-16T18:41:40","modified_gmt":"2023-10-16T18:41:40","slug":"ministerio-de-arte-y-baile","status":"publish","type":"page","link":"https:\/\/mavisionglobal.org\/?page_id=902","title":{"rendered":"Ministerio de Arte y Baile"},"content":{"rendered":"\n<div class=\"wp-block-cover is-light has-custom-content-position is-position-bottom-left\"><span aria-hidden=\"true\" class=\"wp-block-cover__background has-background-dim\"><\/span><video class=\"wp-block-cover__video-background intrinsic-ignore\" autoplay muted loop playsinline src=\"https:\/\/mavisionglobal.org\/wp-content\/uploads\/2023\/10\/presentacion-mavision-global-artes-y-baile.mp4\" data-object-fit=\"cover\"><\/video><div class=\"wp-block-cover__inner-container has-global-padding is-layout-constrained wp-block-cover-is-layout-constrained\">\n<p class=\"has-base-color has-text-color has-large-font-size\" style=\"font-style:normal;font-weight:700\">Ministerio de Arte y Baile<\/p>\n<\/div><\/div>\n\n\n\n<div class=\"wp-block-columns is-layout-flex wp-container-core-columns-is-layout-28f84493 wp-block-columns-is-layout-flex\">\n<div class=\"wp-block-column is-layout-flow wp-block-column-is-layout-flow\"><\/div>\n<\/div>\n\n\n\n<div class=\"wp-block-columns is-layout-flex wp-container-core-columns-is-layout-28f84493 wp-block-columns-is-layout-flex\">\n<div class=\"wp-block-column is-layout-flow wp-block-column-is-layout-flow\">\n<div class=\"wp-block-group has-global-padding is-layout-constrained wp-block-group-is-layout-constrained\">\n<h2 class=\"wp-block-heading\"><mark style=\"background-color:rgba(0, 0, 0, 0);color:#eb1111\" class=\"has-inline-color\">Qu\u00e9 hacemos ?<\/mark><\/h2>\n<\/div>\n<\/div>\n<\/div>\n\n\n\n<div class=\"wp-block-columns is-layout-flex wp-container-core-columns-is-layout-28f84493 wp-block-columns-is-layout-flex\">\n<div class=\"wp-block-column is-layout-flow wp-block-column-is-layout-flow\">\n<blockquote class=\"wp-block-quote is-style-plain is-layout-flow wp-block-quote-is-layout-flow\">\n<p class=\"has-big-font-size\">El Ministerio de artes de visi\u00f3n global tiene el objetivo de manifestar la gloria de Dios, llevar el evangelio, quebrantar los corazones y atraer acotaci\u00f3n al arrepentimiento, a la fe, a la gracia a trav\u00e9s de las artes y de la danza. <\/p>\n\n\n\n<p class=\"has-big-font-size\">Creemos que somos profetas andantes y que cada vez que hacemos un movimiento es para traer liberaci\u00f3n, para traer bendici\u00f3n a las vidas y que podamos representar en el escenario a trav\u00e9s de las obras a personas que se sienten identificadas con el personaje y puedan entender que la \u00fanica salida es Jes\u00fas.<\/p>\n\n\n\n<p class=\"has-big-font-size\">El Ministerio de arte est\u00e1 enfocado en presentar a Jesucristo a trav\u00e9s de ellos, con el con prop\u00f3sito de captar la atenci\u00f3n no solamente de un p\u00fablico general sino de los j\u00f3venes <\/p>\n<\/blockquote>\n<\/div>\n\n\n\n<div class=\"wp-block-column is-layout-flow wp-block-column-is-layout-flow\">\n<figure class=\"wp-block-image size-large\"><img fetchpriority=\"high\" decoding=\"async\" width=\"1024\" height=\"449\" src=\"https:\/\/mavisionglobal.org\/wp-content\/uploads\/2023\/10\/ministerio-arte-_2-1024x449.jpeg\" alt=\"\" class=\"wp-image-899\" style=\"aspect-ratio:4\/3;object-fit:cover\" srcset=\"https:\/\/mavisionglobal.org\/wp-content\/uploads\/2023\/10\/ministerio-arte-_2-1024x449.jpeg 1024w, https:\/\/mavisionglobal.org\/wp-content\/uploads\/2023\/10\/ministerio-arte-_2-300x132.jpeg 300w, https:\/\/mavisionglobal.org\/wp-content\/uploads\/2023\/10\/ministerio-arte-_2-768x337.jpeg 768w, https:\/\/mavisionglobal.org\/wp-content\/uploads\/2023\/10\/ministerio-arte-_2.jpeg 1080w\" sizes=\"(max-width: 1024px) 100vw, 1024px\" \/><\/figure>\n<\/div>\n<\/div>\n","protected":false},"excerpt":{"rendered":"<p>Qu\u00e9 hacemos ? El Ministerio de artes de visi\u00f3n global tiene el objetivo de manifestar la gloria de Dios, llevar el evangelio, quebrantar los corazones y atraer acotaci\u00f3n [&hellip;]<\/p>\n","protected":false},"author":1,"featured_media":0,"parent":0,"menu_order":0,"comment_status":"closed","ping_status":"closed","template":"","meta":{"footnotes":""},"class_list":["post-902","page","type-page","status-publish","hentry"],"_links":{"self":[{"href":"https:\/\/mavisionglobal.org\/index.php?rest_route=\/wp\/v2\/pages\/902","targetHints":{"allow":["GET"]}}],"collection":[{"href":"https:\/\/mavisionglobal.org\/index.php?rest_route=\/wp\/v2\/pages"}],"about":[{"href":"https:\/\/mavisionglobal.org\/index.php?rest_route=\/wp\/v2\/types\/page"}],"author":[{"embeddable":true,"href":"https:\/\/mavisionglobal.org\/index.php?rest_route=\/wp\/v2\/users\/1"}],"replies":[{"embeddable":true,"href":"https:\/\/mavisionglobal.org\/index.php?rest_route=%2Fwp%2Fv2%2Fcomments&post=902"}],"version-history":[{"count":16,"href":"https:\/\/mavisionglobal.org\/index.php?rest_route=\/wp\/v2\/pages\/902\/revisions"}],"predecessor-version":[{"id":927,"href":"https:\/\/mavisionglobal.org\/index.php?rest_route=\/wp\/v2\/pages\/902\/revisions\/927"}],"wp:attachment":[{"href":"https:\/\/mavisionglobal.org\/index.php?rest_route=%2Fwp%2Fv2%2Fmedia&parent=902"}],"curies":[{"name":"wp","href":"https:\/\/api.w.org\/{rel}","templated":true}]}}