{"id":407,"date":"2023-05-23T21:17:20","date_gmt":"2023-05-23T21:17:20","guid":{"rendered":"https:\/\/mavisionglobal.org\/?page_id=407"},"modified":"2023-06-26T22:17:52","modified_gmt":"2023-06-26T22:17:52","slug":"ofrendas","status":"publish","type":"page","link":"https:\/\/mavisionglobal.org\/?page_id=407","title":{"rendered":"Ofrendas"},"content":{"rendered":"\n<div class=\"wp-block-cover has-custom-content-position is-position-bottom-center\"><span aria-hidden=\"true\" class=\"wp-block-cover__background has-background-dim-10 has-background-dim\"><\/span><img fetchpriority=\"high\" decoding=\"async\" width=\"1136\" height=\"639\" class=\"wp-block-cover__image-background wp-image-411\" alt=\"\" src=\"https:\/\/mavisionglobal.org\/wp-content\/uploads\/2023\/05\/banner-ofrendas-1300.jpg\" style=\"object-position:47% 18%\" data-object-fit=\"cover\" data-object-position=\"47% 18%\" srcset=\"https:\/\/mavisionglobal.org\/wp-content\/uploads\/2023\/05\/banner-ofrendas-1300.jpg 1136w, https:\/\/mavisionglobal.org\/wp-content\/uploads\/2023\/05\/banner-ofrendas-1300-300x169.jpg 300w, https:\/\/mavisionglobal.org\/wp-content\/uploads\/2023\/05\/banner-ofrendas-1300-1024x576.jpg 1024w, https:\/\/mavisionglobal.org\/wp-content\/uploads\/2023\/05\/banner-ofrendas-1300-768x432.jpg 768w\" sizes=\"(max-width: 1136px) 100vw, 1136px\" \/><div class=\"wp-block-cover__inner-container is-layout-flow wp-block-cover-is-layout-flow\">\n<div class=\"wp-block-group has-global-padding is-layout-constrained wp-block-group-is-layout-constrained\">\n<p class=\"has-text-align-center has-base-color has-text-color has-medium-font-size\" style=\"padding-top:0;padding-right:0;padding-bottom:0;padding-left:0;font-style:normal;font-weight:700;letter-spacing:1.2px;line-height:1.2\">\u00abCada uno d\u00e9 como propuso en su coraz\u00f3n: no con tristeza, ni por necesidad, porque Dios ama al dador alegre\u00bb. 2 Corintios 9:7  <\/p>\n<\/div>\n<\/div><\/div>\n\n\n\n<div class=\"wp-block-group has-global-padding is-layout-constrained wp-block-group-is-layout-constrained\"><\/div>\n\n\n\n<div class=\"wp-block-group has-global-padding is-layout-constrained wp-block-group-is-layout-constrained\"><\/div>\n\n\n\n<div class=\"wp-block-group has-global-padding is-layout-constrained wp-block-group-is-layout-constrained\">\n<p class=\"has-text-align-center has-big-font-size\">Puedes realizar tus aportes voluntarios a las siguiente cuenta bancaria:<\/p>\n<\/div>\n\n\n\n<div class=\"wp-block-group has-global-padding is-layout-constrained wp-block-group-is-layout-constrained\">\n<blockquote class=\"wp-block-quote has-text-align-right is-style-large has-medium-font-size is-layout-flow wp-block-quote-is-layout-flow\">\n<p class=\"has-text-align-center\">Nombre: IGLESIA APOST\u00d3LICA VISI\u00d3N GLOBAL<\/p>\n\n\n\n<p class=\"has-text-align-center\">Cuenta <mark style=\"background-color:rgba(0, 0, 0, 0)\" class=\"has-inline-color has-tertiary-color\">Corriente <\/mark>Banco Bicentenario N\u00b0<\/p>\n\n\n\n<p class=\"has-text-align-center\"><strong>0175-0083-07-0076900439<\/strong> <\/p>\n\n\n\n<p class=\"has-text-align-center\">RIF: J-501154880<\/p>\n<\/blockquote>\n<\/div>\n\n\n\n<hr class=\"wp-block-separator has-text-color has-base-color has-alpha-channel-opacity has-base-background-color has-background\"\/>\n\n\n\n<div class=\"wp-block-group has-global-padding is-layout-constrained wp-block-group-is-layout-constrained\">\n<p class=\"has-text-align-center has-big-font-size\">O a trav\u00e9s de Pago M\u00f3vil:<\/p>\n<\/div>\n\n\n\n<div class=\"wp-block-group has-global-padding is-layout-constrained wp-block-group-is-layout-constrained\">\n<blockquote class=\"wp-block-quote is-style-plain is-layout-flow wp-block-quote-is-layout-flow\">\n<p class=\"has-text-align-center\">Cuenta jur\u00eddica IGLESIA APOST\u00d3LICA VISI\u00d3N GLOBAL<\/p>\n\n\n\n<p class=\"has-text-align-center\">0424 &#8211; 1608615<\/p>\n\n\n\n<p class=\"has-text-align-center\"> Banco Bicentenario (0175)<\/p>\n\n\n\n<p class=\"has-text-align-center\">RIF:  J-501154880<\/p>\n<\/blockquote>\n<\/div>\n","protected":false},"excerpt":{"rendered":"<p>Puedes realizar tus aportes voluntarios a las siguiente cuenta bancaria: Nombre: IGLESIA APOST\u00d3LICA VISI\u00d3N GLOBAL Cuenta Corriente Banco Bicentenario N\u00b0 0175-0083-07-0076900439 RIF: J-501154880 O a trav\u00e9s de Pago [&hellip;]<\/p>\n","protected":false},"author":1,"featured_media":0,"parent":0,"menu_order":0,"comment_status":"closed","ping_status":"closed","template":"","meta":{"footnotes":""},"class_list":["post-407","page","type-page","status-publish","hentry"],"_links":{"self":[{"href":"https:\/\/mavisionglobal.org\/index.php?rest_route=\/wp\/v2\/pages\/407","targetHints":{"allow":["GET"]}}],"collection":[{"href":"https:\/\/mavisionglobal.org\/index.php?rest_route=\/wp\/v2\/pages"}],"about":[{"href":"https:\/\/mavisionglobal.org\/index.php?rest_route=\/wp\/v2\/types\/page"}],"author":[{"embeddable":true,"href":"https:\/\/mavisionglobal.org\/index.php?rest_route=\/wp\/v2\/users\/1"}],"replies":[{"embeddable":true,"href":"https:\/\/mavisionglobal.org\/index.php?rest_route=%2Fwp%2Fv2%2Fcomments&post=407"}],"version-history":[{"count":31,"href":"https:\/\/mavisionglobal.org\/index.php?rest_route=\/wp\/v2\/pages\/407\/revisions"}],"predecessor-version":[{"id":785,"href":"https:\/\/mavisionglobal.org\/index.php?rest_route=\/wp\/v2\/pages\/407\/revisions\/785"}],"wp:attachment":[{"href":"https:\/\/mavisionglobal.org\/index.php?rest_route=%2Fwp%2Fv2%2Fmedia&parent=407"}],"curies":[{"name":"wp","href":"https:\/\/api.w.org\/{rel}","templated":true}]}}